{"id":3305,"date":"2024-07-22T14:28:25","date_gmt":"2024-07-22T12:28:25","guid":{"rendered":"https:\/\/dev.alcomnet.com\/piger\/lang\/?page_id=3305"},"modified":"2026-03-24T22:36:34","modified_gmt":"2026-03-24T21:36:34","slug":"faq","status":"publish","type":"page","link":"https:\/\/pigier-algerie.com\/lang\/faq\/","title":{"rendered":"FAQ"},"content":{"rendered":"\t\t<div data-elementor-type=\"wp-page\" data-elementor-id=\"3305\" class=\"elementor elementor-3305\">\n\t\t\t\t<div class=\"elementor-element elementor-element-e33933e e-flex e-con-boxed e-con e-parent\" data-id=\"e33933e\" data-element_type=\"container\" data-e-type=\"container\" data-settings=\"{&quot;background_background&quot;:&quot;classic&quot;}\">\n\t\t\t\t\t<div class=\"e-con-inner\">\n\t\t\t\t<div class=\"elementor-element elementor-element-706f82a elementor-widget elementor-widget-page-title\" data-id=\"706f82a\" data-element_type=\"widget\" data-e-type=\"widget\" data-settings=\"{&quot;align&quot;:&quot;left&quot;,&quot;align_mobile&quot;:&quot;center&quot;}\" data-widget_type=\"page-title.default\">\n\t\t\t\t<div class=\"elementor-widget-container\">\n\t\t\t\t\t\t\t\n\t\t<div class=\"hfe-page-title hfe-page-title-wrapper elementor-widget-heading\">\n\n\t\t\t\t\t\t\t\t\t\t\t<a href=\"https:\/\/pigier-algerie.com\/lang\">\n\t\t\t\t\t\t<h1 class=\"elementor-heading-title elementor-size-default\">\n\t\t\t\t\t\t\t\t\n\t\t\t\tFAQ  \n\t\t\t<\/h1 > \n\t\t\t\t\t\t\t\t\t<\/a>\n\t\t\t\t\t<\/div>\n\t\t\t\t\t\t<\/div>\n\t\t\t\t<\/div>\n\t\t\t\t<div class=\"elementor-element elementor-element-ae15dbd elementor-widget elementor-widget-shortcode\" data-id=\"ae15dbd\" data-element_type=\"widget\" data-e-type=\"widget\" id=\"chemain\" data-widget_type=\"shortcode.default\">\n\t\t\t\t<div class=\"elementor-widget-container\">\n\t\t\t\t\t\t\t<div class=\"elementor-shortcode\"><nav aria-label=\"breadcrumbs\">\n            <div class=\"breadcrumb-container theme1\">\n                <ol>\n                                    <\/ol>\n            <\/div>\n        <\/nav>    <script type=\"application\/ld+json\">\n        {\n            \"@context\": \"http:\/\/schema.org\",\n            \"@type\": \"BreadcrumbList\",\n            \"itemListElement\": [\n                            ]\n        }\n    <\/script>\n   \n    <script>\n            <\/script>\n<\/div>\n\t\t\t\t\t\t<\/div>\n\t\t\t\t<\/div>\n\t\t\t\t\t<\/div>\n\t\t\t\t<\/div>\n\t\t<div class=\"elementor-element elementor-element-cee89d7 e-flex e-con-boxed e-con e-parent\" data-id=\"cee89d7\" data-element_type=\"container\" data-e-type=\"container\">\n\t\t\t\t\t<div class=\"e-con-inner\">\n\t\t<div class=\"elementor-element elementor-element-061412d e-con-full e-flex e-con e-child\" data-id=\"061412d\" data-element_type=\"container\" data-e-type=\"container\">\n\t\t\t\t<div class=\"elementor-element elementor-element-b937992 elementor-widget elementor-widget-eael-adv-accordion\" data-id=\"b937992\" data-element_type=\"widget\" data-e-type=\"widget\" id=\"faq-section\" data-widget_type=\"eael-adv-accordion.default\">\n\t\t\t\t<div class=\"elementor-widget-container\">\n\t\t\t\t\t            <div class=\"eael-adv-accordion\" id=\"eael-adv-accordion-b937992\" data-scroll-on-click=\"\" data-scroll-speed=\"300\" data-accordion-id=\"b937992\" data-accordion-type=\"accordion\" data-toogle-speed=\"300\">\n            <div class=\"eael-accordion-list\">\n\t\t\t\t\t<div id=\"est-ce-que-votre-centre-dexamen-est-agr-\" class=\"elementor-tab-title eael-accordion-header\" tabindex=\"0\" data-tab=\"1\" aria-controls=\"elementor-tab-content-1941\"><span class=\"eael-advanced-accordion-icon-closed\"><\/span><span class=\"eael-advanced-accordion-icon-opened\"><\/span><span class=\"eael-accordion-tab-title\">Est-ce que votre centre d\u2019examen est agr\u00e9\u00e9 ?<\/span><svg aria-hidden=\"true\" class=\"fa-toggle e-font-icon-svg e-fas-angle-right\" viewBox=\"0 0 256 512\" xmlns=\"http:\/\/www.w3.org\/2000\/svg\"><path d=\"M224.3 273l-136 136c-9.4 9.4-24.6 9.4-33.9 0l-22.6-22.6c-9.4-9.4-9.4-24.6 0-33.9l96.4-96.4-96.4-96.4c-9.4-9.4-9.4-24.6 0-33.9L54.3 103c9.4-9.4 24.6-9.4 33.9 0l136 136c9.5 9.4 9.5 24.6.1 34z\"><\/path><\/svg><\/div><div id=\"elementor-tab-content-1941\" class=\"eael-accordion-content clearfix\" data-tab=\"1\" aria-labelledby=\"est-ce-que-votre-centre-dexamen-est-agr-\"><p>Notre centre d\u2019examen est d\u00fbment agr\u00e9\u00e9 et habilit\u00e9 par la Chambre de Commerce et d\u2019Industrie de Paris Ile-de-France afin de vous accompagner dans toutes vos d\u00e9marches relatives au TEF.<\/p><\/div>\n\t\t\t\t\t<\/div><div class=\"eael-accordion-list\">\n\t\t\t\t\t<div id=\"le-tef-est-il-valable-pour-les-dmarches-campus-france\" class=\"elementor-tab-title eael-accordion-header\" tabindex=\"0\" data-tab=\"2\" aria-controls=\"elementor-tab-content-1942\"><span class=\"eael-advanced-accordion-icon-closed\"><\/span><span class=\"eael-advanced-accordion-icon-opened\"><\/span><span class=\"eael-accordion-tab-title\">Le TEF est-il valable pour les d\u00e9marches Campus France?<\/span><svg aria-hidden=\"true\" class=\"fa-toggle e-font-icon-svg e-fas-angle-right\" viewBox=\"0 0 256 512\" xmlns=\"http:\/\/www.w3.org\/2000\/svg\"><path d=\"M224.3 273l-136 136c-9.4 9.4-24.6 9.4-33.9 0l-22.6-22.6c-9.4-9.4-9.4-24.6 0-33.9l96.4-96.4-96.4-96.4c-9.4-9.4-9.4-24.6 0-33.9L54.3 103c9.4-9.4 24.6-9.4 33.9 0l136 136c9.5 9.4 9.5 24.6.1 34z\"><\/path><\/svg><\/div><div id=\"elementor-tab-content-1942\" class=\"eael-accordion-content clearfix\" data-tab=\"2\" aria-labelledby=\"le-tef-est-il-valable-pour-les-dmarches-campus-france\"><p>Le TEF est valable pour vos d\u00e9marches d\u2019\u00e9tudes en France mais aussi au Canada. Il est accept\u00e9 au m\u00eame titre que le TCF \u00e0 Campus France et par les universit\u00e9s Europ\u00e9ennes et Canadiennes.<\/p><\/div>\n\t\t\t\t\t<\/div><div class=\"eael-accordion-list\">\n\t\t\t\t\t<div id=\"puis-je-utiliser-le-tef-pour-mes-dmarches-dimmigration-\" class=\"elementor-tab-title eael-accordion-header\" tabindex=\"0\" data-tab=\"3\" aria-controls=\"elementor-tab-content-1943\"><span class=\"eael-advanced-accordion-icon-closed\"><\/span><span class=\"eael-advanced-accordion-icon-opened\"><\/span><span class=\"eael-accordion-tab-title\">Puis-je utiliser le TEF pour mes d\u00e9marches d\u2019immigration ?<\/span><svg aria-hidden=\"true\" class=\"fa-toggle e-font-icon-svg e-fas-angle-right\" viewBox=\"0 0 256 512\" xmlns=\"http:\/\/www.w3.org\/2000\/svg\"><path d=\"M224.3 273l-136 136c-9.4 9.4-24.6 9.4-33.9 0l-22.6-22.6c-9.4-9.4-9.4-24.6 0-33.9l96.4-96.4-96.4-96.4c-9.4-9.4-9.4-24.6 0-33.9L54.3 103c9.4-9.4 24.6-9.4 33.9 0l136 136c9.5 9.4 9.5 24.6.1 34z\"><\/path><\/svg><\/div><div id=\"elementor-tab-content-1943\" class=\"eael-accordion-content clearfix\" data-tab=\"3\" aria-labelledby=\"puis-je-utiliser-le-tef-pour-mes-dmarches-dimmigration-\"><p>Le TEF CANADA est requis pour votre dossier d\u2019immigration.<\/p><\/div>\n\t\t\t\t\t<\/div><div class=\"eael-accordion-list\">\n\t\t\t\t\t<div id=\"quelle-est-la-diffrence-entre-tef-et-tcf-\" class=\"elementor-tab-title eael-accordion-header\" tabindex=\"0\" data-tab=\"4\" aria-controls=\"elementor-tab-content-1944\"><span class=\"eael-advanced-accordion-icon-closed\"><\/span><span class=\"eael-advanced-accordion-icon-opened\"><\/span><span class=\"eael-accordion-tab-title\">Quelle est la diff\u00e9rence entre TEF et TCF ?<\/span><svg aria-hidden=\"true\" class=\"fa-toggle e-font-icon-svg e-fas-angle-right\" viewBox=\"0 0 256 512\" xmlns=\"http:\/\/www.w3.org\/2000\/svg\"><path d=\"M224.3 273l-136 136c-9.4 9.4-24.6 9.4-33.9 0l-22.6-22.6c-9.4-9.4-9.4-24.6 0-33.9l96.4-96.4-96.4-96.4c-9.4-9.4-9.4-24.6 0-33.9L54.3 103c9.4-9.4 24.6-9.4 33.9 0l136 136c9.5 9.4 9.5 24.6.1 34z\"><\/path><\/svg><\/div><div id=\"elementor-tab-content-1944\" class=\"eael-accordion-content clearfix\" data-tab=\"4\" aria-labelledby=\"quelle-est-la-diffrence-entre-tef-et-tcf-\"><p>Les deux tests sont \u00e9quivalents, l\u2019unique diff\u00e9rence demeure dans les organismes qui les d\u00e9livrent. Le TEF est un test d\u00e9livr\u00e9 par la Chambre de Commerce et d\u2019Industrie de Paris Ile-de-France alors que le TCF est d\u00e9livr\u00e9 par France Education International.<\/p><\/div>\n\t\t\t\t\t<\/div><div class=\"eael-accordion-list\">\n\t\t\t\t\t<div id=\"quelle-est-la-dure-de-validit-du-test-tef-\" class=\"elementor-tab-title eael-accordion-header\" tabindex=\"0\" data-tab=\"5\" aria-controls=\"elementor-tab-content-1945\"><span class=\"eael-advanced-accordion-icon-closed\"><\/span><span class=\"eael-advanced-accordion-icon-opened\"><\/span><span class=\"eael-accordion-tab-title\">Quelle est la dur\u00e9e de validit\u00e9 du test TEF ?<\/span><svg aria-hidden=\"true\" class=\"fa-toggle e-font-icon-svg e-fas-angle-right\" viewBox=\"0 0 256 512\" xmlns=\"http:\/\/www.w3.org\/2000\/svg\"><path d=\"M224.3 273l-136 136c-9.4 9.4-24.6 9.4-33.9 0l-22.6-22.6c-9.4-9.4-9.4-24.6 0-33.9l96.4-96.4-96.4-96.4c-9.4-9.4-9.4-24.6 0-33.9L54.3 103c9.4-9.4 24.6-9.4 33.9 0l136 136c9.5 9.4 9.5 24.6.1 34z\"><\/path><\/svg><\/div><div id=\"elementor-tab-content-1945\" class=\"eael-accordion-content clearfix\" data-tab=\"5\" aria-labelledby=\"quelle-est-la-dure-de-validit-du-test-tef-\"><p>Le TEF a une dur\u00e9e de validit\u00e9 de 2 ann\u00e9es \u00e0 compter de la date de r\u00e9ception des r\u00e9sultats.<\/p><\/div>\n\t\t\t\t\t<\/div><div class=\"eael-accordion-list\">\n\t\t\t\t\t<div id=\"quelle-est-la-dure-des-examens-\" class=\"elementor-tab-title eael-accordion-header\" tabindex=\"0\" data-tab=\"6\" aria-controls=\"elementor-tab-content-1946\"><span class=\"eael-advanced-accordion-icon-closed\"><\/span><span class=\"eael-advanced-accordion-icon-opened\"><\/span><span class=\"eael-accordion-tab-title\">Quelle est la dur\u00e9e des examens ?<\/span><svg aria-hidden=\"true\" class=\"fa-toggle e-font-icon-svg e-fas-angle-right\" viewBox=\"0 0 256 512\" xmlns=\"http:\/\/www.w3.org\/2000\/svg\"><path d=\"M224.3 273l-136 136c-9.4 9.4-24.6 9.4-33.9 0l-22.6-22.6c-9.4-9.4-9.4-24.6 0-33.9l96.4-96.4-96.4-96.4c-9.4-9.4-9.4-24.6 0-33.9L54.3 103c9.4-9.4 24.6-9.4 33.9 0l136 136c9.5 9.4 9.5 24.6.1 34z\"><\/path><\/svg><\/div><div id=\"elementor-tab-content-1946\" class=\"eael-accordion-content clearfix\" data-tab=\"6\" aria-labelledby=\"quelle-est-la-dure-des-examens-\"><p>Tout d\u00e9pend du type d\u2019examen et du nombre d\u2019\u00e9preuves, cela varie entre 1 heure et demie et 4 heures et demie.<\/p><\/div>\n\t\t\t\t\t<\/div><div class=\"eael-accordion-list\">\n\t\t\t\t\t<div id=\"puis-je-passer-le-tef-depuis-un-ordinateur-\" class=\"elementor-tab-title eael-accordion-header\" tabindex=\"0\" data-tab=\"7\" aria-controls=\"elementor-tab-content-1947\"><span class=\"eael-advanced-accordion-icon-closed\"><\/span><span class=\"eael-advanced-accordion-icon-opened\"><\/span><span class=\"eael-accordion-tab-title\">Puis-je passer le TEF depuis un ordinateur ?<\/span><svg aria-hidden=\"true\" class=\"fa-toggle e-font-icon-svg e-fas-angle-right\" viewBox=\"0 0 256 512\" xmlns=\"http:\/\/www.w3.org\/2000\/svg\"><path d=\"M224.3 273l-136 136c-9.4 9.4-24.6 9.4-33.9 0l-22.6-22.6c-9.4-9.4-9.4-24.6 0-33.9l96.4-96.4-96.4-96.4c-9.4-9.4-9.4-24.6 0-33.9L54.3 103c9.4-9.4 24.6-9.4 33.9 0l136 136c9.5 9.4 9.5 24.6.1 34z\"><\/path><\/svg><\/div><div id=\"elementor-tab-content-1947\" class=\"eael-accordion-content clearfix\" data-tab=\"7\" aria-labelledby=\"puis-je-passer-le-tef-depuis-un-ordinateur-\"><p>A l\u2019exception de l\u2019\u00e9preuve de l\u2019expression orale qui consiste en un entretien avec un jury qui sera enregistr\u00e9 et film\u00e9, l\u2019ensemble des \u00e9preuves du TEF seront pass\u00e9s par les candidats depuis un ordinateur, au centre d\u2019examen Pigier.<\/p><\/div>\n\t\t\t\t\t<\/div><div class=\"eael-accordion-list\">\n\t\t\t\t\t<div id=\"o-puis-je-passer-mon-examen-tef\" class=\"elementor-tab-title eael-accordion-header\" tabindex=\"0\" data-tab=\"8\" aria-controls=\"elementor-tab-content-1948\"><span class=\"eael-advanced-accordion-icon-closed\"><\/span><span class=\"eael-advanced-accordion-icon-opened\"><\/span><span class=\"eael-accordion-tab-title\">O\u00f9 puis-je passer mon examen TEF?<\/span><svg aria-hidden=\"true\" class=\"fa-toggle e-font-icon-svg e-fas-angle-right\" viewBox=\"0 0 256 512\" xmlns=\"http:\/\/www.w3.org\/2000\/svg\"><path d=\"M224.3 273l-136 136c-9.4 9.4-24.6 9.4-33.9 0l-22.6-22.6c-9.4-9.4-9.4-24.6 0-33.9l96.4-96.4-96.4-96.4c-9.4-9.4-9.4-24.6 0-33.9L54.3 103c9.4-9.4 24.6-9.4 33.9 0l136 136c9.5 9.4 9.5 24.6.1 34z\"><\/path><\/svg><\/div><div id=\"elementor-tab-content-1948\" class=\"eael-accordion-content clearfix\" data-tab=\"8\" aria-labelledby=\"o-puis-je-passer-mon-examen-tef\"><p>Vous pouvez passer votre examen au niveau de nos centres d\u2019Alger ou celui de Tizi Ouzou.<\/p><p>Pigier Alger\u00a0: Lot N\u00b0 14, 3<sup>\u00e8me<\/sup> \u00e9tage, Bd du 11 D\u00e9cembre 1960, El Biar, Val d\u2019Hydra.<\/p><p>Pigier Tizi Ouzou\u00a0:<\/p><\/div>\n\t\t\t\t\t<\/div><div class=\"eael-accordion-list\">\n\t\t\t\t\t<div id=\"comment-puis-je-me-prparer-au-tef\" class=\"elementor-tab-title eael-accordion-header\" tabindex=\"0\" data-tab=\"9\" aria-controls=\"elementor-tab-content-1949\"><span class=\"eael-advanced-accordion-icon-closed\"><\/span><span class=\"eael-advanced-accordion-icon-opened\"><\/span><span class=\"eael-accordion-tab-title\">Comment puis-je me pr\u00e9parer au TEF?<\/span><svg aria-hidden=\"true\" class=\"fa-toggle e-font-icon-svg e-fas-angle-right\" viewBox=\"0 0 256 512\" xmlns=\"http:\/\/www.w3.org\/2000\/svg\"><path d=\"M224.3 273l-136 136c-9.4 9.4-24.6 9.4-33.9 0l-22.6-22.6c-9.4-9.4-9.4-24.6 0-33.9l96.4-96.4-96.4-96.4c-9.4-9.4-9.4-24.6 0-33.9L54.3 103c9.4-9.4 24.6-9.4 33.9 0l136 136c9.5 9.4 9.5 24.6.1 34z\"><\/path><\/svg><\/div><div id=\"elementor-tab-content-1949\" class=\"eael-accordion-content clearfix\" data-tab=\"9\" aria-labelledby=\"comment-puis-je-me-prparer-au-tef\"><p>Pigier Alg\u00e9rie vous propose une pr\u00e9paration en pr\u00e9sentiel du TEF aux \u00e9preuves d\u2019expression \u00e9crite et orale.<\/p><p>Des activit\u00e9s et des simulations efficaces et efficientes afin d\u2019optimiser vos chances de r\u00e9ussite \u00e0 l\u2019examen.<\/p><\/div>\n\t\t\t\t\t<\/div><div class=\"eael-accordion-list\">\n\t\t\t\t\t<div id=\"je-recevrai-mes-rsultats-au-bout-de-combien-de-temps-\" class=\"elementor-tab-title eael-accordion-header\" tabindex=\"0\" data-tab=\"10\" aria-controls=\"elementor-tab-content-19410\"><span class=\"eael-advanced-accordion-icon-closed\"><\/span><span class=\"eael-advanced-accordion-icon-opened\"><\/span><span class=\"eael-accordion-tab-title\">Je recevrai mes r\u00e9sultats au bout de combien de temps ?<\/span><svg aria-hidden=\"true\" class=\"fa-toggle e-font-icon-svg e-fas-angle-right\" viewBox=\"0 0 256 512\" xmlns=\"http:\/\/www.w3.org\/2000\/svg\"><path d=\"M224.3 273l-136 136c-9.4 9.4-24.6 9.4-33.9 0l-22.6-22.6c-9.4-9.4-9.4-24.6 0-33.9l96.4-96.4-96.4-96.4c-9.4-9.4-9.4-24.6 0-33.9L54.3 103c9.4-9.4 24.6-9.4 33.9 0l136 136c9.5 9.4 9.5 24.6.1 34z\"><\/path><\/svg><\/div><div id=\"elementor-tab-content-19410\" class=\"eael-accordion-content clearfix\" data-tab=\"10\" aria-labelledby=\"je-recevrai-mes-rsultats-au-bout-de-combien-de-temps-\"><p>Votre attestation de r\u00e9sultats vous sera communiqu\u00e9e sur votre boite e-mail au bout de 2 \u00e0 4 semaine \u00e0 compter du jour de votre passation.<\/p><\/div>\n\t\t\t\t\t<\/div><div class=\"eael-accordion-list\">\n\t\t\t\t\t<div id=\"dois-je-me-dplacer-afin-de-rcuprer-mon-attestation-de-rsultats-finale-\" class=\"elementor-tab-title eael-accordion-header\" tabindex=\"0\" data-tab=\"11\" aria-controls=\"elementor-tab-content-19411\"><span class=\"eael-advanced-accordion-icon-closed\"><\/span><span class=\"eael-advanced-accordion-icon-opened\"><\/span><span class=\"eael-accordion-tab-title\">Dois-je me d\u00e9placer afin de r\u00e9cup\u00e9rer mon attestation de r\u00e9sultats finale ?<\/span><svg aria-hidden=\"true\" class=\"fa-toggle e-font-icon-svg e-fas-angle-right\" viewBox=\"0 0 256 512\" xmlns=\"http:\/\/www.w3.org\/2000\/svg\"><path d=\"M224.3 273l-136 136c-9.4 9.4-24.6 9.4-33.9 0l-22.6-22.6c-9.4-9.4-9.4-24.6 0-33.9l96.4-96.4-96.4-96.4c-9.4-9.4-9.4-24.6 0-33.9L54.3 103c9.4-9.4 24.6-9.4 33.9 0l136 136c9.5 9.4 9.5 24.6.1 34z\"><\/path><\/svg><\/div><div id=\"elementor-tab-content-19411\" class=\"eael-accordion-content clearfix\" data-tab=\"11\" aria-labelledby=\"dois-je-me-dplacer-afin-de-rcuprer-mon-attestation-de-rsultats-finale-\"><p>Tous les prescripteurs demandant le TEF acceptent jusqu&rsquo;\u00e0 nouvel ordre les\u00a0attestations de r\u00e9sultats d\u00e9mat\u00e9rialis\u00e9es num\u00e9rique que vous pourrez, ainsi, imprimer directement de chez vous et qui seront accept\u00e9es.<\/p><\/div>\n\t\t\t\t\t<\/div><div class=\"eael-accordion-list\">\n\t\t\t\t\t<div id=\"quels-sont-vos-tarifs-\" class=\"elementor-tab-title eael-accordion-header\" tabindex=\"0\" data-tab=\"12\" aria-controls=\"elementor-tab-content-19412\"><span class=\"eael-advanced-accordion-icon-closed\"><\/span><span class=\"eael-advanced-accordion-icon-opened\"><\/span><span class=\"eael-accordion-tab-title\">Quels sont vos tarifs ?<\/span><svg aria-hidden=\"true\" class=\"fa-toggle e-font-icon-svg e-fas-angle-right\" viewBox=\"0 0 256 512\" xmlns=\"http:\/\/www.w3.org\/2000\/svg\"><path d=\"M224.3 273l-136 136c-9.4 9.4-24.6 9.4-33.9 0l-22.6-22.6c-9.4-9.4-9.4-24.6 0-33.9l96.4-96.4-96.4-96.4c-9.4-9.4-9.4-24.6 0-33.9L54.3 103c9.4-9.4 24.6-9.4 33.9 0l136 136c9.5 9.4 9.5 24.6.1 34z\"><\/path><\/svg><\/div><div id=\"elementor-tab-content-19412\" class=\"eael-accordion-content clearfix\" data-tab=\"12\" aria-labelledby=\"quels-sont-vos-tarifs-\"><p>Vous pourrez trouver nos tarifs sur la rubrique \u00ab\u00a0TEF Test d\u2019\u00e9valuation de fran\u00e7ais\u00a0\u00bb.<\/p><\/div>\n\t\t\t\t\t<\/div><div class=\"eael-accordion-list\">\n\t\t\t\t\t<div id=\"comment-puis-je-minscrire-au-tef-\" class=\"elementor-tab-title eael-accordion-header\" tabindex=\"0\" data-tab=\"13\" aria-controls=\"elementor-tab-content-19413\"><span class=\"eael-advanced-accordion-icon-closed\"><\/span><span class=\"eael-advanced-accordion-icon-opened\"><\/span><span class=\"eael-accordion-tab-title\">Comment puis-je m\u2019inscrire au TEF ?<\/span><svg aria-hidden=\"true\" class=\"fa-toggle e-font-icon-svg e-fas-angle-right\" viewBox=\"0 0 256 512\" xmlns=\"http:\/\/www.w3.org\/2000\/svg\"><path d=\"M224.3 273l-136 136c-9.4 9.4-24.6 9.4-33.9 0l-22.6-22.6c-9.4-9.4-9.4-24.6 0-33.9l96.4-96.4-96.4-96.4c-9.4-9.4-9.4-24.6 0-33.9L54.3 103c9.4-9.4 24.6-9.4 33.9 0l136 136c9.5 9.4 9.5 24.6.1 34z\"><\/path><\/svg><\/div><div id=\"elementor-tab-content-19413\" class=\"eael-accordion-content clearfix\" data-tab=\"13\" aria-labelledby=\"comment-puis-je-minscrire-au-tef-\"><p>Vous pouvez d\u00e8s \u00e0 pr\u00e9sent effectuer votre pr\u00e9-inscription au TEF \u00e0 la date qui vous convient sur notre plateforme\u00a0: <a href=\"https:\/\/francais.cci-paris-idf.fr\/candidat\">https:\/\/francais.cci-paris-idf.fr\/candidat<\/a>.<\/p><p>Pour toute information, n\u2019h\u00e9sitez pas \u00e0 faire appel \u00e0 nous au\u00a0: 020.30.70.99<\/p><\/div>\n\t\t\t\t\t<\/div><div class=\"eael-accordion-list\">\n\t\t\t\t\t<div id=\"quelles-sont-les-modalits-de-paiement-\" class=\"elementor-tab-title eael-accordion-header\" tabindex=\"0\" data-tab=\"14\" aria-controls=\"elementor-tab-content-19414\"><span class=\"eael-advanced-accordion-icon-closed\"><\/span><span class=\"eael-advanced-accordion-icon-opened\"><\/span><span class=\"eael-accordion-tab-title\">Quelles sont les modalit\u00e9s de paiement ?<\/span><svg aria-hidden=\"true\" class=\"fa-toggle e-font-icon-svg e-fas-angle-right\" viewBox=\"0 0 256 512\" xmlns=\"http:\/\/www.w3.org\/2000\/svg\"><path d=\"M224.3 273l-136 136c-9.4 9.4-24.6 9.4-33.9 0l-22.6-22.6c-9.4-9.4-9.4-24.6 0-33.9l96.4-96.4-96.4-96.4c-9.4-9.4-9.4-24.6 0-33.9L54.3 103c9.4-9.4 24.6-9.4 33.9 0l136 136c9.5 9.4 9.5 24.6.1 34z\"><\/path><\/svg><\/div><div id=\"elementor-tab-content-19414\" class=\"eael-accordion-content clearfix\" data-tab=\"14\" aria-labelledby=\"quelles-sont-les-modalits-de-paiement-\"><ul><li>Paiement par carte TPE au niveau de nos bureaux Pigier Algerie.\u00a0<\/li><li>Paiement en esp\u00e8ces au niveau de nos bureaux Pigier Algerie<\/li><li>Paiement par versement CCP au niveau de la poste la plus proche de vous. (\u00a0Un compl\u00e9ment de\u00a02000 DZD\u00a0de frais de dossier\u00a0en cas de paiement par CCP.)<\/li><\/ul><\/div>\n\t\t\t\t\t<\/div><\/div>\t\t\t\t<\/div>\n\t\t\t\t<\/div>\n\t\t\t\t<\/div>\n\t\t<div class=\"elementor-element elementor-element-0cfd878 e-con-full e-flex e-con e-child\" data-id=\"0cfd878\" data-element_type=\"container\" data-e-type=\"container\" data-settings=\"{&quot;background_background&quot;:&quot;classic&quot;}\">\n\t\t\t\t<\/div>\n\t\t\t\t\t<\/div>\n\t\t\t\t<\/div>\n\t\t<div class=\"elementor-element elementor-element-fe6fda2 e-flex e-con-boxed e-con e-parent\" data-id=\"fe6fda2\" data-element_type=\"container\" data-e-type=\"container\">\n\t\t\t\t\t<div class=\"e-con-inner\">\n\t\t<div class=\"elementor-element elementor-element-ce89fc3 e-con-full e-flex e-con e-child\" data-id=\"ce89fc3\" data-element_type=\"container\" data-e-type=\"container\">\n\t\t\t\t<div class=\"elementor-element elementor-element-9b75cd5 elementor-widget elementor-widget-heading\" data-id=\"9b75cd5\" data-element_type=\"widget\" data-e-type=\"widget\" data-widget_type=\"heading.default\">\n\t\t\t\t<div class=\"elementor-widget-container\">\n\t\t\t\t\t<h2 class=\"elementor-heading-title elementor-size-default\">S'inscrire au TEF<\/h2>\t\t\t\t<\/div>\n\t\t\t\t<\/div>\n\t\t\t\t<div class=\"elementor-element elementor-element-51f5200 elementor-widget elementor-widget-text-editor\" data-id=\"51f5200\" data-element_type=\"widget\" data-e-type=\"widget\" data-widget_type=\"text-editor.default\">\n\t\t\t\t<div class=\"elementor-widget-container\">\n\t\t\t\t\t\t\t\t\t<p>Pour vous inscrire \u00e0 un examen TEF, nous vous invitons \u00e0 consulter notre plateforme ci-dessus.<br \/>Remplissez les cases en indiquant le lieu \u00ab Alg\u00e9rie \u00bb, en s\u00e9lectionnant le test souhait\u00e9 ainsi que la p\u00e9riode durant laquelle vous d\u00e9sirez passer votre examen.<br \/><strong>Contact<\/strong> : <br \/><strong>Tel :<\/strong> 0982 30 14 88<br \/><strong>E-mail :<\/strong> <a href=\"mailto:contact@pigier-algerie.com\">contact@pigier-algerie.com<\/a><\/p>\t\t\t\t\t\t\t\t<\/div>\n\t\t\t\t<\/div>\n\t\t\t\t<div class=\"elementor-element elementor-element-f097a67 elementor-invisible elementor-widget elementor-widget-button\" data-id=\"f097a67\" data-element_type=\"widget\" data-e-type=\"widget\" data-settings=\"{&quot;_animation&quot;:&quot;fadeInUp&quot;}\" data-widget_type=\"button.default\">\n\t\t\t\t<div class=\"elementor-widget-container\">\n\t\t\t\t\t\t\t\t\t<div class=\"elementor-button-wrapper\">\n\t\t\t\t\t<a class=\"elementor-button elementor-button-link elementor-size-sm\" href=\"https:\/\/francais.cci-paris-idf.fr\/candidat\">\n\t\t\t\t\t\t<span class=\"elementor-button-content-wrapper\">\n\t\t\t\t\t\t\t\t\t<span class=\"elementor-button-text\">S'inscrire<\/span>\n\t\t\t\t\t<\/span>\n\t\t\t\t\t<\/a>\n\t\t\t\t<\/div>\n\t\t\t\t\t\t\t\t<\/div>\n\t\t\t\t<\/div>\n\t\t\t\t<\/div>\n\t\t<div class=\"elementor-element elementor-element-70900ba e-con-full e-flex e-con e-child\" data-id=\"70900ba\" data-element_type=\"container\" data-e-type=\"container\">\n\t\t\t\t<div class=\"elementor-element elementor-element-4bcfed9 elementor-widget elementor-widget-image\" data-id=\"4bcfed9\" data-element_type=\"widget\" data-e-type=\"widget\" data-widget_type=\"image.default\">\n\t\t\t\t<div class=\"elementor-widget-container\">\n\t\t\t\t\t\t\t\t\t\t\t\t\t\t\t<img fetchpriority=\"high\" decoding=\"async\" width=\"640\" height=\"419\" src=\"https:\/\/pigier-algerie.com\/lang\/wp-content\/uploads\/2024\/08\/Platforme-1.jpeg\" class=\"attachment-large size-large wp-image-4042\" alt=\"\" srcset=\"https:\/\/pigier-algerie.com\/lang\/wp-content\/uploads\/2024\/08\/Platforme-1.jpeg 902w, https:\/\/pigier-algerie.com\/lang\/wp-content\/uploads\/2024\/08\/Platforme-1-300x197.jpeg 300w, https:\/\/pigier-algerie.com\/lang\/wp-content\/uploads\/2024\/08\/Platforme-1-768x503.jpeg 768w\" sizes=\"(max-width: 640px) 100vw, 640px\" \/>\t\t\t\t\t\t\t\t\t\t\t\t\t\t\t<\/div>\n\t\t\t\t<\/div>\n\t\t\t\t<\/div>\n\t\t\t\t\t<\/div>\n\t\t\t\t<\/div>\n\t\t\t\t<\/div>\n\t\t","protected":false},"excerpt":{"rendered":"<p>FAQ Est-ce que votre centre d\u2019examen est agr\u00e9\u00e9 ? Notre centre d\u2019examen est d\u00fbment agr\u00e9\u00e9 et habilit\u00e9 par la Chambre de Commerce et d\u2019Industrie de Paris Ile-de-France afin de vous accompagner dans toutes vos d\u00e9marches relatives au TEF. Le TEF est-il valable pour les d\u00e9marches Campus France? Le TEF est valable pour vos d\u00e9marches d\u2019\u00e9tudes [&hellip;]<\/p>\n","protected":false},"author":1,"featured_media":0,"parent":0,"menu_order":0,"comment_status":"closed","ping_status":"closed","template":"","meta":{"_joinchat":[],"footnotes":""},"class_list":["post-3305","page","type-page","status-publish","hentry"],"_links":{"self":[{"href":"https:\/\/pigier-algerie.com\/lang\/wp-json\/wp\/v2\/pages\/3305","targetHints":{"allow":["GET"]}}],"collection":[{"href":"https:\/\/pigier-algerie.com\/lang\/wp-json\/wp\/v2\/pages"}],"about":[{"href":"https:\/\/pigier-algerie.com\/lang\/wp-json\/wp\/v2\/types\/page"}],"author":[{"embeddable":true,"href":"https:\/\/pigier-algerie.com\/lang\/wp-json\/wp\/v2\/users\/1"}],"replies":[{"embeddable":true,"href":"https:\/\/pigier-algerie.com\/lang\/wp-json\/wp\/v2\/comments?post=3305"}],"version-history":[{"count":79,"href":"https:\/\/pigier-algerie.com\/lang\/wp-json\/wp\/v2\/pages\/3305\/revisions"}],"predecessor-version":[{"id":4270,"href":"https:\/\/pigier-algerie.com\/lang\/wp-json\/wp\/v2\/pages\/3305\/revisions\/4270"}],"wp:attachment":[{"href":"https:\/\/pigier-algerie.com\/lang\/wp-json\/wp\/v2\/media?parent=3305"}],"curies":[{"name":"wp","href":"https:\/\/api.w.org\/{rel}","templated":true}]}}